e -3*n + 3*t + 168 = 0, -g + 162 = 2*n + t. What are the prime factors of n?
59
Let g = -17 - -9. Let q = -5 - g. List the prime factors of 70*(q - (-15)/(-6)).
5, 7
Let b(a) = -a**2 - 6*a + 4. Let n be b(-6). List the prime factors of 48/32 - (-586)/n.
2, 37
Suppose 23600 = 149*j - 141*j. List the prime factors of j.
2, 5, 59
Let l = -54 + 58. List the prime factors of 21*l/12*1.
7
Let g be 8/(-20) + (-2044)/(-10). Let q be 780/14 + 10/35. Suppose -4*r - 3*t + g = 0, 0*t - q = -r - 2*t. List the prime factors of r.
2, 3
Let a = 2379 - 937. List the prime factors of a.
2, 7, 103
Let i = 187 + -64. Suppose 2*q = -q + 3*c + i, -197 = -5*q + c. Let b = -18 + q. List the prime factors of b.
3, 7
Let s = 24 + -12. Let c(o) = 10 + 4*o + 11 + 13 - 25. What are the prime factors of c(s)?
3, 19
Let z(c) = -c**3 + 23*c**2 - 14*c + 37. List the prime factors of z(9).
5, 11, 19
Let x be 1/(-3) + 38/6. Let r be x/9 - (-226)/(-6). Let h = r + 55. List the prime factors of h.
2, 3
Let t = -17 + 87. Let k = -38 + t. List the prime factors of k.
2
Let f = -180 - -858. List the prime factors of f.
2, 3, 113
Suppose -5*n + 32 = -63. Suppose 4*x = 3*x - 3*j + n, -41 = -4*x - 5*j. What are the prime factors of x?
2
Let z(b) = 31*b + 10. Let x(k) = 10*k + 3. Let c(j) = -8*x(j) + 3*z(j). What are the prime factors of c(12)?
2, 3
Suppose 0 = -5*s + 10, -5*d + 572 = 2*s + 98. Suppose 5*c - d = -359. Let x = -26 - c. What are the prime factors of x?
3
Let i = 48 + -26. Suppose -4*l - i = -106. What are the prime factors of l?
3, 7
Let j(u) = 44*u**2 - 6*u + 26. List the prime factors of j(5).
2, 137
Suppose 0 = -2*v - 2*j + 2986, v + 4*j = 1527 - 49. List the prime factors of v.
2, 7, 107
Let l(j) = -339*j**3 + 7*j + 16. List the prime factors of l(-2).
2, 23, 59
Let o be (-2)/(-6)*21 + 3. Let k(a) = 16*a - 11. What are the prime factors of k(o)?
149
Suppose 3*z = -4*l + 255, -2*l = 3*l - 4*z - 280. List the prime factors of 1/((16/l)/4).
3, 5
Let j be 2 + (-2 - -4)*2. Suppose -6*i + 18 = j. Suppose -15 = -i*f - 9. What are the prime factors of f?
3
Let d = 94 - 66. Let c = d - 12. List the prime factors of c.
2
Let j(v) = 3*v**2 - 24*v - 23. List the prime factors of j(-8).
19
Suppose -3*c = -5*a + c + 26, -4*c - 22 = -3*a. Suppose 5*u + a*f = -120, 0 = -5*u - 0*f - f - 120. List the prime factors of (7/(-21))/(2/u).
2
Let o(f) = -2*f + 179. What are the prime factors of o(-19)?
7, 31
Suppose -504 = -7*u - 0*u. Suppose 3*a - 3*j = u, -a - 5*j - 60 = -3*a. Suppose a*w + 70 = 25*w. List the prime factors of w.
2, 7
Suppose 3*g = -5*c + 2858, -c - 2 = -3. What are the prime factors of g?
3, 317
Let j be (-9)/(-3 + 156/56). Suppose 0*l + 3*l - j = 0. Let r = l - -11. List the prime factors of r.
5
Let l = 28 - 25. Suppose -l*p = 3*z + p - 462, 3 = -p. List the prime factors of z.
2, 79
Let q(j) = -14*j - 8. Suppose 2*v = 6*v + 12. List the prime factors of q(v).
2, 17
Let i be 3/7 + 144/56. What are the prime factors of (-1 - 1) + (i - -3) - -58?
2, 31
Suppose 14*m - 380 = 18*m. Let f = 187 + m. What are the prime factors of f?
2, 23
Let y(f) = -f. Let c(x) = -x**2 - 21*x - 21. Let k(p) = -c(p) + y(p). Let d be k(-19). List the prime factors of 40 - (-3 - -3)/d.
2, 5
Let n(u) = -8*u - 44. Let x be n(-6). Suppose x*k = -k + 655. List the prime factors of k.
131
Suppose -q + y = -0*y - 1333, 2*q - 3*y - 2671 = 0. What are the prime factors of q?
2, 83
Suppose 23*w + 1092 = 25*w. List the prime factors of w.
2, 3, 7, 13
Let y(p) = 13*p**2 - 11*p - 39. List the prime factors of y(-6).
3, 5, 11
Let x(y) = -238*y - 214. What are the prime factors of x(-4)?
2, 3, 41
Let x(y) = -y**3 - 8*y**2 - 7*y - 1. Let p = -6 + -1. Let v be x(p). List the prime factors of 2 - 12*(v + 0).
2, 7
Let g = -186 - -262. Suppose 0 = 3*v - 4*v + g. List the prime factors of v.
2, 19
Let i(d) = 129*d - 257. List the prime factors of i(11).
2, 7, 83
Let p = -41 + 38. Let a(u) = -4*u**3 - 3*u**2 - 2*u + 1. What are the prime factors of a(p)?
2, 11
Let k be 3 - 4/(-6)*18. List the prime factors of 1*k/20*4.
3
Let p(m) be the first derivative of -m**4/2 - 7*m**3/3 + 5*m**2/2 - 10*m - 22. List the prime factors of p(-7).
2, 149
Suppose -7*j = -4913 + 783. What are the prime factors of j?
2, 5, 59
Let a(f) = -f**2 - 7*f + 3. Suppose -3*v + 7*v + 20 = 0. What are the prime factors of a(v)?
13
Let i(x) = -x**3 - 11*x**2 - 2*x - 16. Let o be i(-11). What are the prime factors of (3/o)/(1/62)?
31
Let y(b) = -b**2 - b - 7. Let w(i) = -1. Let c(h) = 2*w(h) + y(h). Let p be c(0). Let q(j) = -j. List the prime factors of q(p).
3
Suppose -2*w = 27 - 125. Let u = w - -16. What are the prime factors of u?
5, 13
Let l be ((-10)/15)/(1/(-3)). Suppose 17 = 4*y + 3*r, -2*y + l*r = -r - 13. Suppose -5*v - y*z = 74 - 244, -181 = -4*v + 5*z. What are the prime factors of v?
3, 13
Suppose -167 - 706 = 3*m - 5*x, 0 = 2*x + 6. Let a = -202 - m. List the prime factors of a.
2, 47
Let p(y) = y + 13. Let l be p(-11). Suppose a - 6*a - l*v - 15 = 0, v = 0. Let q = 34 + a. List the prime factors of q.
31
Suppose -4*k + 630 = 2*j, -2*k + 4*j - 49 = -349. Suppose 3*d - 4*x = 6*d - k, 0 = -2*d - x + 99. List the prime factors of d.
2, 3
Let z(h) = -h**3 + h**2 - 8*h. List the prime factors of z(-8).
2, 5
What are the prime factors of -5*1/(-5)*162*2?
2, 3
Let q = 619 - -237. What are the prime factors of q?
2, 107
Let p be (0/(-2))/(2 + -4). Suppose p = -3*o + 2*x + 98, 3*x + x = o - 16. Suppose 4*r + 41 = 2*l + 7*r, -2*l + 2*r + o = 0. List the prime factors of l.
19
Suppose -k = -5*a - 1813, 4*a - 8974 = -4*k - 1698. What are the prime factors of k?
2, 3, 101
Suppose 5*b + a - 235 = 0, -2*b + b + 71 = 5*a. Suppose -2*k = -c - 22, -3*c - b = -k - 3*k. What are the prime factors of k?
2, 5
Let c(a) = a**2 - 4*a + 10. Let h be ((-4)/4 + 1)/(-2). Suppose -4*m + 28 = -h*m. List the prime factors of c(m).
31
Suppose 5*y + 0*y = 0. Suppose 4*d - 4 = 0, 5*g - 413 = -y*d + 2*d. List the prime factors of g.
83
Let f be (-5 - -6)*(0 - 10*1). List the prime factors of ((-272)/(-6))/(f/(-15)).
2, 17
Let p(c) = -22*c - 11. Let b(t) = 45*t + 22. Let z(h) = -4*b(h) - 9*p(h). What are the prime factors of z(5)?
101
Suppose 2*g - 7*g = 25, -3*t = -3*g + 6. Suppose -3*c - 2*b = 15, -2*b + 5*b = 5*c + 44. List the prime factors of (-8)/t*c/(-2).
2
Suppose 0 = -0*y - 4*y. Suppose -4*f = 8, 0 = 3*s - y*f + 2*f - 14. Let h = -3 + s. What are the prime factors of h?
3
Let d = -280 + 689. Suppose -5*x + 437 = 3*q, 7*q = 5*x + 3*q - d. What are the prime factors of x?
5, 17
Suppose -16*x - 60 = -15*x. Let p = x + 74. What are the prime factors of p?
2, 7
Let p be 1/(-5) + 102/10. Suppose -p*y + 854 = -546. List the prime factors of y.
2, 5, 7
Suppose f - 1750 = 4*u, 13*f - 8*f + 2*u - 8750 = 0. List the prime factors of f.
2, 5, 7
Let j = -3 - -4. List the prime factors of (j + 1)/(13/377).
2, 29
Let v be ((-48)/(-10))/((-6)/(-20)). Suppose g + 0*g = -v. Let c = g + 40. What are the prime factors of c?
2, 3
Suppose -3*t - 363 = -3*r, -3*t - 343 = -5*r + 270. Let q = -78 + r. List the prime factors of q.
47
Suppose -292 + 1995 = 3*t - a, 0 = t + 5*a - 573. What are the prime factors of t?
2, 71
What are the prime factors of 823 - -3 - 4/((-8)/10)?
3, 277
Let m = -139 - -46. Let p = m + 182. Let o = p - 49. List the prime factors of o.
2, 5
Suppose 12*j - 17286 = 18006. What are the prime factors of j?
17, 173
Suppose -3*q - 756 = 4*q. Let z = q + 170. List the prime factors of z.
2, 31
Suppose -2*o = -3*o + 5*m + 3, -4*o + 12 = -3*m. Let z be 13/o + 3/(-9). Suppose -n + 0*f = 2*f - 4, 0 = -z*n - f + 16. List the prime factors of n.
2
Let b(f) = -14*f - 8. Let s be b(9). List the prime factors of s*(-4 + 14/4).
67
Let r be (-6)/(4 + -1) - -4. Suppose 2*h + r = 12. Suppose -h*v = -34 - 16. What are the prime factors of v?
2, 5
Let a be (0 - -1) + -1 + -1. What are the prime factors of -72*a/6*4?
2, 3
Suppose 19 = 3*p - 29. Suppose -p = 3*t - 1. Let d(k) = -6*k - 4. List the prime factors of d(t).
2, 13
Let c = -94 + 183. Let j = c - -19. What are the prime factors of j?
2, 3
Let j(s) = -6*s**3 + 4*s**2 + 2*s + 8. Let q be j(-4). Suppose -23*b + q = -9*b. What are the prime factors of b?
2
Let v = -39 + 125. Suppose -21*y + v = -19*y. What are the prime fact